a factor of 323?
True
Is 18343 a multiple of 10?
False
Does 102 divide 2244?
True
Does 42 divide 272?
False
Is 841 a multiple of 5?
False
Does 23 divide 901?
False
Is 13369 a multiple of 46?
False
Is 771 a multiple of 27?
False
Does 51 divide 1530?
True
Does 5 divide 1584?
False
Is 3869 a multiple of 73?
True
Is 782 a multiple of 23?
True
Is 59056 a multiple of 32?
False
Is 5395 a multiple of 83?
True
Is 15015 a multiple of 21?
True
Is 105 a multiple of 16?
False
Is 11 a factor of 16945?
False
Is 87 a factor of 435?
True
Is 24 a factor of 138?
False
Is 63 a factor of 669?
False
Is 5304 a multiple of 34?
True
Does 57 divide 783?
False
Is 20 a factor of 179460?
True
Is 4 a factor of 44?
True
Does 17 divide 2363?
True
Does 155 divide 465?
True
Is 665 a multiple of 2?
False
Is 901 a multiple of 53?
True
Does 11 divide 1111?
True
Does 6 divide 4158?
True
Is 165 a factor of 1700?
False
Is 18 a factor of 4503?
False
Is 41420 a multiple of 207?
False
Is 7 a factor of 23101?
False
Is 182 a multiple of 7?
True
Is 19 a factor of 859?
False
Does 23 divide 874?
True
Is 11138 a multiple of 62?
False
Does 126 divide 11314?
False
Does 4 divide 1146?
False
Is 42477 a multiple of 214?
False
Does 47 divide 644?
False
Is 632 a multiple of 69?
False
Is 100300 a multiple of 20?
True
Does 77 divide 34188?
True
Does 20 divide 18520?
True
Is 12 a factor of 132?
True
Is 10 a factor of 585?
False
Is 25760 a multiple of 70?
True
Does 101 divide 13332?
True
Is 2 a factor of 63?
False
Is 12150 a multiple of 90?
True
Is 1800 a multiple of 12?
True
Is 3275 a multiple of 26?
False
Is 47 a factor of 94?
True
Is 5 a factor of 45666?
False
Is 22537 a multiple of 95?
False
Is 19669 a multiple of 150?
False
Does 8 divide 387?
False
Does 18 divide 17561?
False
Does 98 divide 15003?
False
Does 17 divide 646?
True
Is 6590 a multiple of 3?
False
Is 19 a factor of 10209?
False
Does 16 divide 1872?
True
Is 8 a factor of 37753?
False
Does 9 divide 6183?
True
Is 10 a factor of 6226?
False
Is 335 a multiple of 5?
True
Does 9 divide 224?
False
Is 2994 a multiple of 18?
False
Is 58 a factor of 1624?
True
Does 12 divide 10740?
True
Is 67 a factor of 982?
False
Does 4 divide 886?
False
Is 11 a factor of 407?
True
Is 36 a factor of 2785?
False
Does 144 divide 24530?
False
Is 14994 a multiple of 42?
True
Is 4740 a multiple of 10?
True
Is 1749 a multiple of 11?
True
Is 1894 a multiple of 43?
False
Is 215 a multiple of 13?
False
Is 53 a factor of 14999?
True
Is 95813 a multiple of 77?
False
Is 17102 a multiple of 211?
False
Is 4307 even?
False
Is 1242 a multiple of 23?
True
Is 17 a factor of 1241?
True
Is 28 a factor of 3052?
True
Does 6 divide 1248?
True
Is 41509 a multiple of 277?
False
Is 798 a multiple of 38?
True
Does 58 divide 19780?
False
Is 21927 a multiple of 312?
False
Does 9 divide 1291?
False
Is 24213 a multiple of 7?
True
Does 44 divide 689?
False
Is 1152 a multiple of 32?
True
Does 16 divide 155?
False
Is 7 a factor of 1899?
False
Is 58 a factor of 52664?
True
Is 7 a factor of 173?
False
Is 1332 a multiple of 36?
True
Is 87 a factor of 2958?
True
Does 14 divide 308?
True
Is 239 a multiple of 4?
False
Is 51 a factor of 7905?
True
Does 143 divide 1653?
False
Is 1913 a multiple of 11?
False
Is 25 a factor of 8673?
False
Does 7 divide 343?
True
Does 119 divide 72303?
False
Does 4 divide 9076?
True
Is 3 a factor of 5956?
False
Is 22 a factor of 638?
True
Is 7 a factor of 167?
False
Is 21 a factor of 7034?
False
Is 69 a factor of 27738?
True
Is 28 a factor of 12673?
False
Is 11 a factor of 9548?
True
Is 2480 a multiple of 16?
True
Is 101 a factor of 17365?
False
Does 22 divide 72?
False
Is 74 a factor of 1047?
False
Is 304 a multiple of 16?
True
Does 14 divide 9497?
False
Does 88 divide 4398?
False
Is 6 a factor of 6798?
True
Is 13489 a multiple of 41?
True
Does 59 divide 348?
False
Is 104346 a multiple of 34?
True
Is 2443 a multiple of 45?
False
Does 77 divide 28611?
False
Is 1975 a multiple of 25?
True
Is 12 a factor of 4378?
False
Does 5 divide 4575?
True
Is 10 a factor of 200?
True
Is 19881 a multiple of 9?
True
Is 164 a factor of 5084?
True
Is 55 a factor of 523?
False
Does 55 divide 102850?
True
Is 54 a factor of 54864?
True
Does 14 divide 40902?
False
Is 15 a factor of 13950?
True
Does 31 divide 12634?
False
Is 25 a factor of 10503?
False
Is 45797 a multiple of 142?
False
Does 13 divide 4771?
True
Is 26670 a multiple of 15?
True
Is 586 a multiple of 20?
False
Does 4 divide 100?
True
Is 12 a factor of 2158?
False
Does 32 divide 1344?
True
Is 502 a multiple of 118?
False
Is 1176 a multiple of 21?
True
Is 7106 a multiple of 34?
True
Is 9749 a multiple of 41?
False
Does 11 divide 17050?
True
Does 14 divide 1087?
False
Is 1932 a multiple of 42?
True
Is 54 a multiple of 9?
True
Is 1094 a multiple of 43?
False
Does 3 divide 105?
True
Does 27 divide 12828?
False
Is 36 a factor of 288?
True
Does 5 divide 1970?
True
Is 20 a factor of 640?
True
Is 40 a multiple of 40?
True
Is 1364 a multiple of 124?
True
Is 333 a multiple of 29?
False
Is 10789 a multiple of 25?
False
Does 15 divide 1356?
False
Is 15312 a multiple of 116?
True
Is 15 a factor of 1875?
True
Does 3 divide 4125?
True
Does 48 divide 5088?
True
Is 46519 a multiple of 133?
False
Is 47 a factor of 12408?
True
Does 7 divide 21?
True
Is 1705 a multiple of 30?
False
Is 21890 a multiple of 136?
False
Is 6 a factor of 166?
False
Does 14 divide 18284?
True
Is 12 a factor of 1740?
True
Is 63 a factor of 12600?
True
Does 27 divide 648?
True
Is 1435 a multiple of 91?
False
Is 48 a multiple of 3?
True
Is 8 a factor of 93?
False
Does 37 divide 2389?
False
Is 27 a factor of 441?
False
Is 9041 a multiple of 63?
False
Is 53608 a multiple of 13?
False
Is 9320 a multiple of 40?
True
Does 82 divide 7380?
True
Is 1813 a multiple of 23?
False
Does 5 divide 449?
False
Is 8 a factor of 39807?
False
Is 14132 a multiple of 34?
False
Does 6 divide 385?
False
Is 18 a factor of 5994?
True
Is 3980 a multiple of 5?
True
Is 63 a multiple of 9?
True
Is 6 a factor of 1655?
False
Is 101 a factor of 24947?
True
Is 215 a factor of 21715?
True
Is 9 a factor of 1269?
True
Is 1527 a multiple of 8?
False
Is 45 a factor of 8466?
False
Is 83 a factor of 2407?
True
Is 23 a factor of 1196?
True
Is 79 a factor of 14773?
True
Is 5193 a multiple of 14?
False
Is 1392 a multiple of 16?
True
Is 298 a multiple of 68?
False
Is 265 a multiple of 2?
False
Is 31 a factor of 655?
False
Is 70 a factor of 910?
True
Is 37 a factor of 12173?
True
Does 2 divide 515?
False
Does 24 divide 6528?
True
Does 64 divide 6784?
True
Does 22 divide 19437?
False
Is 16 a factor of 35648?
True
Does 155 divide 15345?
True
Is 103 a factor of 2917?
False
Is 363 a multiple of 13?
False
Is 58 a factor of 23631?
False
Is 13 a factor of 29?
False
Does 15 divide 23205?
True
Is 63207 a multiple of 27?
True
Is 957 a multiple of 87?
True
Is 10551 a multiple of 18?
False
Is 19 a factor of 2229?
False
Does 11 divide 341?
True
Is 70 a factor of 32618?
False
Is 21 a factor of 2688?
True
Does 64 divide 15925?
False
Is 51 a factor of 1479?
True
Is 13664 a multiple of 32?
True
Is 32913 a multiple of 159?
True
Does 27 divide 848?
False
Does 7 divide 280?
True
Is 5011 a multiple of 13?
False
Is 4 a factor of 409?
False
Is 4278 a multiple of 31?
True
Does 21 divide 4074?
True
Is 411 a multiple of 116?
False
Is 370 a multiple of 35?
False
Does 15 divide 255?
True
Does 114 divide 4939?
False
Is 694 a multiple of 45?
False
Is 4305 a multiple of 12?
False
Is 13 a factor of 28066?
False
Is 2034 a multiple of 18?
True
Does 119 divide 2975?
True
Does 11 divide 781?
True
Is 35 a multiple of 35?
True
Is 20663 a multiple of 13?
False
Is 2314 a multiple of 89?
True
Is 5 a factor of 2530?
True
Is 2 a factor of 3137?
False
Does 23 divide 433?
False
Is 4 a factor of 275?
False
Is 2413 a multiple of 19?
True
Is 4280 a multiple of 107?
True
Does 81 divide 1539?
True
Is 46 a factor of 736?
True
Does 11 divide 4223?
False
Is 2466 a multiple of 18?
True
Does 15 divide 165?
True
Does 147 divide 7518?
False
Does 32 divide 6561?
False
Is 15 a factor of 154?
False
Does 40 divide 1000?
True
Does 36 divide 18396?
True
Does 35 divide 2730?
True
Does 17 divide 493?
True
Is 80647 a multiple of 281?
True
Does 6 divide 15098?
False
Is 215 a multiple of